 are the prime factors of p?
2
Let l = -1109 - -1597. List the prime factors of (-4442)/(-15) + (8 - l/60).
2, 37
Let z(f) = 1289*f + 6461. What are the prime factors of z(28)?
7, 6079
Suppose -645632 - 247438 = -30*o. What are the prime factors of o?
3, 9923
Suppose -39*c + 30*c = -20367. Let g = -1019 + c. List the prime factors of g.
2, 311
Suppose -k - 46*j + 5053 = -43*j, 5*k + 4*j = 25276. List the prime factors of k.
2, 79
Let p(w) = -w**3 + 96*w**2 - 1641*w - 32. List the prime factors of p(68).
2, 4463
Let y be 1/(-8) + (-68)/(-32). Let k be 2/(-13) - -27*y/13. Suppose 0 = 4*f + 4*v - 256, -5*v + k*v = 3*f - 196. What are the prime factors of f?
2, 3, 11
Suppose 0 = -3*s - 5*x - 1920, 5*x - 408 = s + 212. What are the prime factors of 4/1 - (3 + (s - -5))?
631
Let w = 2756 + -1662. Suppose -x = 3*x + 8, -4*u = 5*x - w. What are the prime factors of u?
2, 3, 23
Suppose 17*g - 126 = -4*g. Suppose -g*z + 1393 = -437. What are the prime factors of z?
5, 61
Let n = 88182 - 51588. List the prime factors of n.
2, 3, 19, 107
Let i = -8680 + 9910. What are the prime factors of i?
2, 3, 5, 41
Let u(t) = -42*t + 23. Let n be u(-1). Suppose -n*o - 3824 = -73*o. What are the prime factors of o?
2, 239
Let a(j) = -12*j - 14. Let r(c) = -24*c - 25. Let k(l) = -5*a(l) + 2*r(l). List the prime factors of k(10).
2, 5, 7
Suppose 4*c - 34 = 190. Suppose 8*l = -0*l + c. Suppose -5*s + l*s + 208 = 3*b, -4*b = 2*s - 282. What are the prime factors of b?
2, 5, 7
Let x(y) = y**2 - 10*y + 20. Let l be x(6). Let n be (-10)/l*(-4 - -6). What are the prime factors of 15 + -14 + n*25?
2, 3, 7
Let a be (-154)/(-143) + (-3)/39. What are the prime factors of -886*((-5)/a)/10?
443
Let t = 983 - -7633. Suppose 0 = 2*v, 4*v = -5*j + 154 + t. List the prime factors of j.
2, 877
List the prime factors of 264/10*(-18900)/(-40).
2, 3, 7, 11
Let f = 1241 + -956. List the prime factors of f.
3, 5, 19
Let b = -1 + -3. Suppose 195*o + 235 = -155. List the prime factors of (-162)/o - (b - 0).
5, 17
Suppose 4*j + j + 8*j = 0. Suppose 7*d - 20*d + 3107 = j. List the prime factors of d.
239
Suppose 0 = -2*z - 5*h + 14, -4*z + h = z - 35. Suppose -z*j + 8 = -v - 8*j, -j = 4. Let q(d) = -d**2 - 5*d + 1. What are the prime factors of q(v)?
5
Suppose -5*w = d - 28, 0 = -4*d - d + 3*w. Let y be (1 + -7)/((-6)/4). Suppose 0 = -2*s + d*s + 3, y*s = -2*t + 48. List the prime factors of t.
2, 3, 5
Let b be 2/4 - (-35)/(-10) - -3. Suppose b = 2*q + 3 + 75. Let s = -11 - q. List the prime factors of s.
2, 7
Let d(s) = -3*s**3 - 4*s**2 - 29*s + 13. Let w(q) = -2*q**3 - 2*q**2 - 15*q + 6. Let u(z) = 3*d(z) - 5*w(z). List the prime factors of u(7).
2, 5, 17
Let m(a) be the second derivative of -a**5/20 - a**4/12 + a**3/6 + 4*a**2 - 5*a. Let h = 136 - 136. What are the prime factors of m(h)?
2
Let n = 65 - 62. Suppose -2*z + j + 11 = z, -3*z + n*j + 3 = 0. Suppose -g + 16 = -p, -5*p + 53 = -3*g + z*g. What are the prime factors of g?
19
Let t(g) be the second derivative of -5*g**4/6 - g**3/3 - 18*g. Let x be t(1). What are the prime factors of (x/(-8))/(1*2/48)?
2, 3
What are the prime factors of -9*5*10/300*-30434?
3, 15217
Suppose -5*x - 5*p + 3*p = -5405, -2*p = 3*x - 3243. Let z = x - 573. What are the prime factors of z?
2, 127
Let m(a) = 909*a + 381. List the prime factors of m(5).
2, 3, 821
Suppose -h + 199 = 4*w - 110, 0 = 3*h - 2*w - 857. Let z = -379 + 570. Let x = h - z. What are the prime factors of x?
2, 7
Let s be (-5243)/(-3) - (-2)/6. Suppose 32*q = c + 34*q - 4, 0 = -2*c - 2*q + 2. List the prime factors of (c/2)/(s/(-436) - -4).
109
Suppose -4*n = 5*q - 10, 0 = -0*q - 4*q - 2*n + 8. Suppose 1092 = 3*i + 2*p, -9*i = -4*i - q*p - 1804. What are the prime factors of i?
2, 181
Suppose 9*q = 14 - 23. List the prime factors of -2 - (41*q)/(5/80).
2, 3, 109
Suppose 5*s + 4*u - 4179 = 3579, 3 = -u. List the prime factors of s.
2, 3, 7, 37
Let z = 34737 + -23643. List the prime factors of z.
2, 3, 43
Suppose 695 = -0*a + 5*a. Let h = a - 118. What are the prime factors of (-6)/21 + 5823/h?
277
List the prime factors of (-35 - -35)/(-42) - 1/((-1)/4506).
2, 3, 751
Let t(d) = 554*d - 9260. List the prime factors of t(29).
2, 41, 83
Let r(c) = 28*c + 3827. List the prime factors of r(7).
3, 149
Let h be (-1712)/40 + (9/15)/(-3). Let s = h + 47. Suppose 2*q = s*q - 2*r - 324, r - 834 = -5*q. List the prime factors of q.
2, 83
Let b = -1544 + 3623. What are the prime factors of b?
3, 7, 11
Let a = -5294 - -41927. What are the prime factors of a?
3, 12211
Let s = -18232 - -26482. List the prime factors of s.
2, 3, 5, 11
Suppose -18*s + 22759 = -42315 - 22586. List the prime factors of s.
2, 5, 487
Suppose 2*w + 5 = 31. Let c(a) = a**2 - 15*a + 28. Let g be c(w). Suppose 7*k - 2*k = 3*q + 402, 4*k = -g*q + 304. List the prime factors of k.
2, 3, 13
Let n be (-12)/18*1 + (-1865)/(-3). Suppose -5*o = 5*t - t - n, 5*t - o - 740 = 0. Let x = t - 70. List the prime factors of x.
79
Suppose 5*n - 27 = 2*n. Let g(h) = -5*h + 46. Let s be g(n). List the prime factors of s - -126 - (-2 - 1).
2, 5, 13
Let s be (-6)/(-7)*17220/90. What are the prime factors of ((-274)/(-4))/(41/s)?
2, 137
Suppose 3*s - 4*x - 3255 + 1250 = 0, -5*s - 3*x + 3274 = 0. What are the prime factors of s?
659
Let q(g) = -81*g + 25. Let p be q(11). List the prime factors of (-81)/(-18)*p/(-3).
3, 433
What are the prime factors of 4436*(-17)/(-51) - 2/(-6)?
3, 17, 29
Let g be ((-306)/18)/(2/34). Suppose 3*j - 145 = 1217. Let w = j + g. What are the prime factors of w?
3, 5, 11
Suppose -6328 - 35834 = -4*m + m. List the prime factors of m.
2, 7027
Let g be (-4 + -1268)/(-3) - -2. Let q = g + -243. List the prime factors of q.
3, 61
Let x = -222 - -203. What are the prime factors of -1 + x/(19/(-90))?
89
Suppose -2*f - 16*a + 15*a + 19619 = 0, -49040 = -5*f - 4*a. List the prime factors of f.
2, 11, 223
Let k(d) = -d**3 - 3*d**2 + 6*d + 7. Let x be -1*5/((-1)/(-1)). Let a be k(x). What are the prime factors of -7*(28/147)/((-2)/a)?
2, 3
Let u(r) = -3180*r + 130. Let x be u(5). List the prime factors of x/4*(-54)/135.
19, 83
Suppose 2*f - 147*k + 148*k = 29932, -3*f + 44872 = -5*k. What are the prime factors of f?
2, 3, 29, 43
What are the prime factors of (15/60)/((-27)/(-2052540))?
3, 5, 7, 181
Suppose 4*q + v - 79 = 0, -2*q = -q - 4*v - 24. What are the prime factors of 238/20 + 2/q?
2, 3
Let r(t) = t**2 + 5*t + 5. Let z be r(-8). Suppose -3*l + 286 = -z. Suppose -l = 2*n - 5*n + m, 2*m - 78 = -2*n. List the prime factors of n.
2, 3
Let j = 0 + 2. Suppose -n + 16 = -5*a, -3*n + j*a + 39 = -9. What are the prime factors of (2 + n)/(-3)*332/(-8)?
3, 83
Let x be 2/(-8) - 34/(-8). Suppose -493 = q + 4*d, -1524 = 3*q + x*d - d. Let p = 722 + q. List the prime factors of p.
11, 19
Let w = 90 - 85. Suppose -1 = w*j + 9. What are the prime factors of j*((-635)/10 - -4)?
7, 17
Suppose 2*j - 5*i - 2010 = 0, 2*j - 2*i = -337 + 2359. Suppose 119 = 7*c + j. List the prime factors of -4 - 1*(c - -4).
2, 3, 5
Suppose 13160 = -30*y + 65600. List the prime factors of y.
2, 19, 23
Let n = 25789 - 14304. List the prime factors of n.
5, 2297
Let x = -7717 + 9206. List the prime factors of x.
1489
Suppose 0 = -2*x + 3*z + 44562, -3*x + 9205 = 4*z - 57621. List the prime factors of x.
2, 3, 47, 79
Suppose 393*v = 401*v - 43680. List the prime factors of v.
2, 3, 5, 7, 13
Suppose 2*o + 3*d = 32, 0 = -3*o + 4*d + 22 - 8. Suppose -o*x + 6*x = 0. Suppose x = -y - y + 280. List the prime factors of y.
2, 5, 7
Suppose 2*h - 4*k + 7 = h, 3*h - 19 = 2*k. Suppose -10*l = -h*l - 2. Suppose 3*s = l*w + 210, 0 = 6*s - 2*s - 4*w - 284. What are the prime factors of s?
2, 17
Suppose -2*q - 2*p = -1040 - 12692, 5*q - 2*p - 34365 = 0. What are the prime factors of q?
6871
Suppose 316 + 194 = -3*z. Suppose 841 + 1175 = -32*d. Let u = d - z. List the prime factors of u.
107
Suppose 0 = 14*i - 47488 + 12418. What are the prime factors of i?
3, 5, 167
Let g = 187 + -173. Suppose -g*h + 698 = -11510. What are the prime factors of h?
2, 109
What are the prime factors of 46/(-207)*(-7 + (-1616560)/8)?
2, 22453
Let b(a) = -2018*a**3 - 4*a**2 - 2*a - 6. List the prime factors of b(-2).
2, 11, 733
Let l(j) be the second derivative of -5*j**3/2 + 33*j**2/2 - 20*j. List the pr